t of 13826?
2
What is the hundreds digit of 4779?
7
What is the ten thousands digit of 19392?
1
What is the tens digit of 1272?
7
What is the thousands digit of 17936?
7
What is the tens digit of 14463?
6
What is the thousands digit of 1132?
1
What is the tens digit of 42?
4
What is the hundreds digit of 15178?
1
What is the units digit of 1602?
2
What is the thousands digit of 56143?
6
What is the ten thousands digit of 10386?
1
What is the hundreds digit of 466?
4
What is the units digit of 2551?
1
What is the units digit of 413?
3
What is the thousands digit of 31063?
1
What is the hundreds digit of 4088?
0
What is the units digit of 2711?
1
What is the tens digit of 1801?
0
What is the tens digit of 17?
1
What is the tens digit of 46301?
0
What is the thousands digit of 1083?
1
What is the thousands digit of 3088?
3
What is the units digit of 1337?
7
What is the hundreds digit of 1243?
2
What is the thousands digit of 13599?
3
What is the hundreds digit of 431?
4
What is the thousands digit of 12062?
2
What is the units digit of 401?
1
What is the units digit of 16508?
8
What is the ten thousands digit of 100297?
0
What is the hundreds digit of 1162?
1
What is the tens digit of 33942?
4
What is the tens digit of 4922?
2
What is the ten thousands digit of 20810?
2
What is the hundreds digit of 16983?
9
What is the units digit of 1727?
7
What is the tens digit of 3648?
4
What is the units digit of 10941?
1
What is the ten thousands digit of 112599?
1
What is the units digit of 263?
3
What is the hundreds digit of 32834?
8
What is the tens digit of 462?
6
What is the hundreds digit of 1225?
2
What is the tens digit of 639?
3
What is the hundreds digit of 249?
2
What is the thousands digit of 10799?
0
What is the thousands digit of 1200?
1
What is the ten thousands digit of 180088?
8
What is the units digit of 59231?
1
What is the units digit of 59884?
4
What is the thousands digit of 1621?
1
What is the ten thousands digit of 16993?
1
What is the thousands digit of 23954?
3
What is the units digit of 2333?
3
What is the tens digit of 2142?
4
What is the thousands digit of 48257?
8
What is the units digit of 1985?
5
What is the thousands digit of 22587?
2
What is the hundreds digit of 44007?
0
What is the thousands digit of 6848?
6
What is the units digit of 485?
5
What is the thousands digit of 1321?
1
What is the units digit of 1895?
5
What is the units digit of 5666?
6
What is the units digit of 395?
5
What is the tens digit of 5626?
2
What is the tens digit of 17042?
4
What is the tens digit of 780?
8
What is the ten thousands digit of 15579?
1
What is the units digit of 858?
8
What is the hundreds digit of 7817?
8
What is the ten thousands digit of 15503?
1
What is the thousands digit of 3707?
3
What is the tens digit of 320?
2
What is the tens digit of 1661?
6
What is the ten thousands digit of 51740?
5
What is the tens digit of 94489?
8
What is the tens digit of 51221?
2
What is the thousands digit of 2285?
2
What is the hundreds digit of 1713?
7
What is the tens digit of 5187?
8
What is the units digit of 117873?
3
What is the hundreds digit of 2947?
9
What is the units digit of 29366?
6
What is the thousands digit of 2251?
2
What is the tens digit of 51560?
6
What is the hundreds digit of 30683?
6
What is the hundreds digit of 38893?
8
What is the thousands digit of 3482?
3
What is the units digit of 94042?
2
What is the hundreds digit of 1594?
5
What is the tens digit of 5113?
1
What is the hundreds digit of 1336?
3
What is the ten thousands digit of 52355?
5
What is the thousands digit of 14506?
4
What is the units digit of 421?
1
What is the hundreds digit of 1335?
3
What is the units digit of 842?
2
What is the units digit of 28883?
3
What is the thousands digit of 9063?
9
What is the units digit of 159?
9
What is the tens digit of 2698?
9
What is the hundreds digit of 1348?
3
What is the hundreds digit of 7627?
6
What is the thousands digit of 42701?
2
What is the thousands digit of 1603?
1
What is the units digit of 15358?
8
What is the tens digit of 2253?
5
What is the thousands digit of 4308?
4
What is the tens digit of 4381?
8
What is the thousands digit of 65674?
5
What is the hundreds digit of 619?
6
What is the units digit of 1551?
1
What is the units digit of 85363?
3
What is the units digit of 3222?
2
What is the units digit of 523?
3
What is the thousands digit of 12212?
2
What is the hundreds digit of 6693?
6
What is the units digit of 27888?
8
What is the hundreds digit of 696?
6
What is the units digit of 7084?
4
What is the units digit of 52075?
5
What is the thousands digit of 27915?
7
What is the hundreds digit of 1604?
6
What is the thousands digit of 9625?
9
What is the units digit of 11354?
4
What is the hundreds digit of 4236?
2
What is the tens digit of 1061?
6
What is the hundreds digit of 3889?
8
What is the hundreds digit of 9854?
8
What is the hundreds digit of 11952?
9
What is the hundreds digit of 430?
4
What is the units digit of 4592?
2
What is the thousands digit of 1574?
1
What is the hundreds digit of 13650?
6
What is the ten thousands digit of 176769?
7
What is the thousands digit of 3192?
3
What is the ten thousands digit of 31952?
3
What is the ten thousands digit of 18521?
1
What is the units digit of 567?
7
What is the ten thousands digit of 10137?
1
What is the ten thousands digit of 26610?
2
What is the units digit of 1214?
4
What is the hundreds digit of 44023?
0
What is the tens digit of 1464?
6
What is the thousands digit of 48453?
8
What is the thousands digit of 32816?
2
What is the ten thousands digit of 38878?
3
What is the hundreds digit of 9283?
2
What is the hundreds digit of 1155?
1
What is the tens digit of 16610?
1
What is the tens digit of 32284?
8
What is the units digit of 9752?
2
What is the tens digit of 30641?
4
What is the hundreds digit of 11200?
2
What is the ten thousands digit of 107914?
0
What is the hundreds digit of 3356?
3
What is the tens digit of 28737?
3
What is the thousands digit of 4963?
4
What is the thousands digit of 84614?
4
What is the hundreds digit of 11089?
0
What is the hundreds digit of 2201?
2
What is the tens digit of 165?
6
What is the tens digit of 987?
8
What is the tens digit of 235?
3
What is the tens digit of 1720?
2
What is the tens digit of 28316?
1
What is the thousands digit of 2493?
2
What is the tens digit of 7187?
8
What is the hundreds digit of 5160?
1
What is the thousands digit of 24184?
4
What is the tens digit of 109765?
6
What is the hundreds digit of 184?
1
What is the thousands digit of 3144?
3
What is the units digit of 35916?
6
What is the units digit of 37?
7
What is the hundreds digit of 4774?
7
What is the hundreds digit of 12103?
1
What is the hundreds digit of 574?
5
What is the hundreds digit of 2830?
8
What is the thousands digit of 29160?
9
What is the units digit of 15587?
7
What is the units digit of 20221?
1
What is the hundreds digit of 320?
3
What is the units digit of 390?
0
What is the hundreds digit of 11043?
0
What is the hundreds digit of 2552?
5
What is the units digit of 5806?
6
What is the units digit of 14023?
3
What is the tens digit of 1906?
0
What is the units digit of 1621?
1
What is the tens digit of 992?
9
What is the units digit of 714?
4
What is the tens digit of 12107?
0
What is the thousands digit of 60920?
0
What is the units digit of 48478?
8
What is the hundreds digit of 104?
1
What is the thousands digit of 4852?
4
What is the hundreds digit of 170238?
2
What is the units digit of 10371?
1
What is the units digit of 137?
7
What is the units digit of 32233?
3
What is the units digit of 26?
6
What is the ten thousands digit of 42791?
4
What is the tens digit of 550?
5
What is the thousands digit of 3792?
3
What is the tens digit of 9124?
2
What is the hundreds digit of 347?
3
What is the hundreds digit of 2826?
8
What is the hundreds digit of 838?
8
What is the thousands digit of 29854?
9
What is the tens digit of 4404?
0
What is the units digit of 85426?
6
What is the units digit of 73900?
0
What is the ten thousands digit of 26370?
2
What is the units digit of 532?
2
What is the units digit of 37787?
7
What is the thousands digit of 4879?
4
What is the hundreds digit of 52468?
4
What